{"id":1448,"date":"2015-05-12T17:17:56","date_gmt":"2015-05-12T14:17:56","guid":{"rendered":"http:\/\/www.turksem.com\/?page_id=1448"},"modified":"2015-05-12T17:17:56","modified_gmt":"2015-05-12T14:17:56","slug":"neden-turksem-seo","status":"publish","type":"page","link":"https:\/\/otel.name.tr\/index.php\/neden-turksem-seo\/","title":{"rendered":"Neden T\u00fcrk SEM&#8217;i Tercih Etmelisiniz?"},"content":{"rendered":"<p style=\"text-align: justify;\"><strong>T\u00fcrksem Reklam, Dan\u0131\u015fmanl\u0131k, Turizm Ltd. \u015eti.<\/strong> i\u015ftiraki &#8220;<strong><span style=\"color: #800000;\">T\u00fcrk Sem<\/span><\/strong>&#8221; olarak a\u00e7\u0131lm\u0131\u015ft\u0131r. <strong>12<\/strong> y\u0131ll\u0131k SEM tecr\u00fcbemizi olabildi\u011fince kurumsal bir \u015fekilde i\u015f ortaklar\u0131m\u0131zla payla\u015fmaya karar verdik. \u0130stanbul&#8217;un en do\u011fa ile i\u00e7 i\u00e7e olan semti <strong>\u00c7ekmek\u00f6y<\/strong>&#8216;de faaliyetlerimize devam ediyoruz. Her daim bir \u00e7ay i\u00e7mek veya akl\u0131n\u0131zdaki projeleri konu\u015fmak i\u00e7in ofisimize gelebilir ve dan\u0131\u015fmanl\u0131k hizmetlerinden yararlanabilirsiniz. \u015eimdi a\u015fa\u011f\u0131daki k\u0131s\u0131mda k\u0131sa k\u0131sa maddeler halinde neden T\u00fcrk Sem&#8217;i tercih etmeniz gerekti\u011fi hususuna de\u011findik. Sormak istedi\u011finiz sorularda ileti\u015fim numaralar\u0131m\u0131z\u0131 kullanarak bize ula\u015fabilece\u011finizi unutmay\u0131n.<\/p>\n<blockquote>\n<p style=\"text-align: right;\"><em><strong>Tahir Din\u00e7<\/strong><\/em><br \/>\n<em>T\u00fcrk Sem Kurucu Orta\u011f\u0131<\/em><br \/>\n<em>Digital Marketing Manager<\/em><\/p>\n<\/blockquote>\n<p style=\"text-align: justify;\"><img decoding=\"async\" class=\"alignnone size-full wp-image-1457\" src=\"https:\/\/otel.name.tr\/wp-content\/uploads\/2015\/05\/leonardo.png\" alt=\"leonardo\" width=\"1151\" height=\"39\" srcset=\"https:\/\/otel.name.tr\/wp-content\/uploads\/2015\/05\/leonardo.png 1151w, https:\/\/otel.name.tr\/wp-content\/uploads\/2015\/05\/leonardo-300x10.png 300w, https:\/\/otel.name.tr\/wp-content\/uploads\/2015\/05\/leonardo-1024x35.png 1024w, https:\/\/otel.name.tr\/wp-content\/uploads\/2015\/05\/leonardo-768x26.png 768w\" sizes=\"(max-width: 1151px) 100vw, 1151px\" \/><\/p>\n<pre style=\"text-align: justify;\"><strong>Neden SEO \u00c7al\u0131\u015fmalar\u0131n\u0131zda T\u00fcrk Sem\u2019i Tercih Etmeniz Gerekti\u011fiyle \u0130lgili Onlarca Maddeyi Sizler \u0130\u00e7in Burada Listeledik<\/strong><\/pre>\n<ul>\n<li style=\"text-align: justify;\">\u00d6ncelikle kar\u015f\u0131n\u0131zda <del>bireysel<\/del> de\u011fil <strong>kurumsal<\/strong> \u00e7al\u0131\u015fan <span style=\"text-decoration: underline;\">SEM Dan\u0131\u015fmanl\u0131k<\/span> firmas\u0131 vard\u0131r.<\/li>\n<li style=\"text-align: justify;\">Geli\u015fmi\u015f madde madde <strong>raporlama sistemi<\/strong> sayesinde geli\u015fim a\u015famalar\u0131 firmalar\u0131n anlayaca\u011f\u0131 \u015fekilde sunulur.<\/li>\n<li style=\"text-align: justify;\">Firman\u0131za, sekt\u00f6r\u00fcn\u00fcze, web sayfan\u0131z\u0131n durumuna g\u00f6re <strong>alternatif planlar<\/strong> sunabilmekteyiz.<\/li>\n<li style=\"text-align: justify;\"><strong>1000&#8217;den fazla bas\u0131n mensubuna<\/strong> geli\u015fmelerimizi haber edebilmekteyiz.<\/li>\n<li style=\"text-align: justify;\">Sizin i\u00e7in projeler geli\u015ftirip, <strong>sistematik<\/strong> bir y\u00fckseli\u015f hesaplar ve uygular.<\/li>\n<li style=\"text-align: justify;\">Sadece dan\u0131\u015fmanl\u0131k yapan bir SEM hizmeti sunmuyoruz. Sizin i\u00e7in <strong>do\u011fru ad\u0131mlar\u0131<\/strong> at\u0131p geri bildirimlerini takip ederek iyile\u015ftirme \u00e7al\u0131\u015fmalar\u0131n\u0131 yap\u0131yoruz.<\/li>\n<li style=\"text-align: justify;\">SEM konusunda kesin konu\u015fmak \u00e7ok zordur. Fakat biz <strong>kesin sonu\u00e7 verecek ad\u0131mlar\u0131<\/strong> sizler i\u00e7in belirledik. 100 ad\u0131mdan olu\u015fan hamlelerimiz firman\u0131za ait web sayfas\u0131 \u00fczerinden uygulan\u0131r.<\/li>\n<li style=\"text-align: justify;\">G\u00fc\u00e7l\u00fc <strong>kurumsal referanslar\u0131m\u0131z\u0131<\/strong> takip edebilirsiniz.<\/li>\n<li style=\"text-align: justify;\"><strong>Anket sistemi<\/strong> \u00e7al\u0131\u015fmalar\u0131m\u0131z sayesinde eksiklerinizi tart\u0131p raporluyoruz. Bu \u015fekilde daha iyi sonu\u00e7lar\u0131n ortak kararla \u00e7\u0131kmas\u0131n\u0131 sa\u011flamaktay\u0131z.<\/li>\n<li style=\"text-align: justify;\">T\u00fcm kadromuz <strong>T\u00fcrk\u00e7e dilini<\/strong> kurallar\u0131na uygun ve do\u011fru kullanmaktad\u0131r.<\/li>\n<li style=\"text-align: justify;\">Anla\u015fmal\u0131 oldu\u011fumuz y\u00fczlerce web sayfas\u0131nda tan\u0131t\u0131mlar\u0131n\u0131z yer almaktad\u0131r.<\/li>\n<li style=\"text-align: justify;\"><strong>\u00c7ekmek\u00f6y SEO<\/strong> ofisimize diledi\u011finiz vakitlerde gelebilir, web sayfan\u0131z raporlar\u0131n\u0131 beraber inceleyebiliriz.<\/li>\n<li style=\"text-align: justify;\">Bizim <strong>tek bir i\u015fimiz var<\/strong> o da Search Engine Marketing&#8217;tir.<\/li>\n<li style=\"text-align: justify;\">Dijital pazar\u0131 <strong>sizin yerinize takip etmekteyiz<\/strong>. Sitenizin g\u00fcncel duruma uygun hale gelmesi i\u00e7in raporumuzu da gerekli eklemeleri belirtiyoruz.<\/li>\n<li style=\"text-align: justify;\"><strong>Aksiyon al\u0131p, almayan kullan\u0131c\u0131lar\u0131n tespiti<\/strong> ve bu oran\u0131n art\u0131r\u0131lmas\u0131 i\u00e7in ara\u015ft\u0131rmalar. Ara\u015ft\u0131rma sonu\u00e7lar\u0131n\u0131n raporlay\u0131p iletilmesi.<\/li>\n<li style=\"text-align: justify;\">\u00c7al\u0131\u015fmalar\u0131m\u0131z tamamen <strong>Search ve Adwords<\/strong> kurallar\u0131na uygundur. Kurallar d\u0131\u015f\u0131nda hi\u00e7 bir hamlede bulunmay\u0131z.<\/li>\n<li style=\"text-align: justify;\">Google, Facebook, Youtube ve Twitter \u00fczerinden alaca\u011f\u0131n\u0131z m\u00fc\u015fteriler i\u00e7in <strong>daha az \u00f6deyeceksiniz<\/strong>.<\/li>\n<li style=\"text-align: justify;\">Google Remarketing&#8217;\u0130 etkin kullanan bir kadroya sahibiz.<\/li>\n<\/ul>\n<pre><strong>Daha bahsedemedi\u011fimiz bir \u00e7ok \u00f6zel \u00e7al\u0131\u015fmalar\u0131m\u0131z olacakt\u0131r. Bunlarla alakal\u0131 detayl\u0131 bilgi i\u00e7in ofisimize bekleriz.<\/strong><\/pre>\n","protected":false},"excerpt":{"rendered":"<p>T\u00fcrksem Reklam, Dan\u0131\u015fmanl\u0131k, Turizm Ltd. \u015eti. i\u015ftiraki &#8220;T\u00fcrk Sem&#8221; olarak a\u00e7\u0131lm\u0131\u015ft\u0131r. 12 y\u0131ll\u0131k SEM tecr\u00fcbemizi olabildi\u011fince kurumsal bir \u015fekilde i\u015f ortaklar\u0131m\u0131zla payla\u015fmaya karar verdik. \u0130stanbul&#8217;un en do\u011fa ile i\u00e7 i\u00e7e olan semti \u00c7ekmek\u00f6y&#8216;de faaliyetlerimize devam ediyoruz. Her daim bir \u00e7ay i\u00e7mek veya akl\u0131n\u0131zdaki projeleri konu\u015fmak i\u00e7in ofisimize gelebilir ve dan\u0131\u015fmanl\u0131k hizmetlerinden yararlanabilirsiniz. \u015eimdi a\u015fa\u011f\u0131daki k\u0131s\u0131mda [&hellip;]<\/p>\n","protected":false},"author":1,"featured_media":0,"parent":0,"menu_order":0,"comment_status":"open","ping_status":"open","template":"","meta":{"footnotes":""},"class_list":["post-1448","page","type-page","status-publish","hentry"],"_links":{"self":[{"href":"https:\/\/otel.name.tr\/index.php\/wp-json\/wp\/v2\/pages\/1448","targetHints":{"allow":["GET"]}}],"collection":[{"href":"https:\/\/otel.name.tr\/index.php\/wp-json\/wp\/v2\/pages"}],"about":[{"href":"https:\/\/otel.name.tr\/index.php\/wp-json\/wp\/v2\/types\/page"}],"author":[{"embeddable":true,"href":"https:\/\/otel.name.tr\/index.php\/wp-json\/wp\/v2\/users\/1"}],"replies":[{"embeddable":true,"href":"https:\/\/otel.name.tr\/index.php\/wp-json\/wp\/v2\/comments?post=1448"}],"version-history":[{"count":0,"href":"https:\/\/otel.name.tr\/index.php\/wp-json\/wp\/v2\/pages\/1448\/revisions"}],"wp:attachment":[{"href":"https:\/\/otel.name.tr\/index.php\/wp-json\/wp\/v2\/media?parent=1448"}],"curies":[{"name":"wp","href":"https:\/\/api.w.org\/{rel}","templated":true}]}}