{"id":1494,"date":"2015-05-12T21:02:19","date_gmt":"2015-05-12T18:02:19","guid":{"rendered":"http:\/\/www.turksem.com\/?page_id=1494"},"modified":"2015-05-12T21:02:19","modified_gmt":"2015-05-12T18:02:19","slug":"iletisim","status":"publish","type":"page","link":"https:\/\/otel.name.tr\/index.php\/iletisim\/","title":{"rendered":"\u0130leti\u015fim"},"content":{"rendered":"<h2>\u00a0 \u00a0 \u00a0\u0130leti\u015fime Ge\u00e7mek \u0130\u00e7in A\u015fa\u011f\u0131daki Formu Kullan\u0131n<\/h2>\n<p>&nbsp;<\/p>\n<h4>T\u00fcrk Sem \u0130leti\u015fim Bilgileri<\/h4>\n<p><img fetchpriority=\"high\" decoding=\"async\" class=\" size-full wp-image-1555 alignnone\" src=\"https:\/\/otel.name.tr\/wp-content\/uploads\/2015\/05\/telara.jpg\" alt=\"telara\" width=\"224\" height=\"224\" srcset=\"https:\/\/otel.name.tr\/wp-content\/uploads\/2015\/05\/telara.jpg 224w, https:\/\/otel.name.tr\/wp-content\/uploads\/2015\/05\/telara-150x150.jpg 150w\" sizes=\"(max-width: 224px) 100vw, 224px\" \/><\/p>\n<p><strong>ADRES<\/strong><\/p>\n<p><span style=\"color: #993300;\">T\u00fcrk SEM Reklam Ajans\u0131<\/span><br \/>\n\u00c7aml\u0131k Mah. \u015eahinbey Cad. Kule \u0130\u015f Merkezi No : 110 Kat : 3 \u0130stanbul<\/p>\n<p><strong>TELEFON NUMARALARI<\/strong><\/p>\n<p><b>0216 606 23 72<\/b><\/p>\n<p>&nbsp;<\/p>\n","protected":false},"excerpt":{"rendered":"<p>\u00a0 \u00a0 \u00a0\u0130leti\u015fime Ge\u00e7mek \u0130\u00e7in A\u015fa\u011f\u0131daki Formu Kullan\u0131n &nbsp; T\u00fcrk Sem \u0130leti\u015fim Bilgileri ADRES T\u00fcrk SEM Reklam Ajans\u0131 \u00c7aml\u0131k Mah. \u015eahinbey Cad. Kule \u0130\u015f Merkezi No : 110 Kat : 3 \u0130stanbul TELEFON NUMARALARI 0216 606 23 72 &nbsp;<\/p>\n","protected":false},"author":1,"featured_media":0,"parent":0,"menu_order":0,"comment_status":"closed","ping_status":"closed","template":"","meta":{"footnotes":""},"class_list":["post-1494","page","type-page","status-publish","hentry"],"_links":{"self":[{"href":"https:\/\/otel.name.tr\/index.php\/wp-json\/wp\/v2\/pages\/1494","targetHints":{"allow":["GET"]}}],"collection":[{"href":"https:\/\/otel.name.tr\/index.php\/wp-json\/wp\/v2\/pages"}],"about":[{"href":"https:\/\/otel.name.tr\/index.php\/wp-json\/wp\/v2\/types\/page"}],"author":[{"embeddable":true,"href":"https:\/\/otel.name.tr\/index.php\/wp-json\/wp\/v2\/users\/1"}],"replies":[{"embeddable":true,"href":"https:\/\/otel.name.tr\/index.php\/wp-json\/wp\/v2\/comments?post=1494"}],"version-history":[{"count":0,"href":"https:\/\/otel.name.tr\/index.php\/wp-json\/wp\/v2\/pages\/1494\/revisions"}],"wp:attachment":[{"href":"https:\/\/otel.name.tr\/index.php\/wp-json\/wp\/v2\/media?parent=1494"}],"curies":[{"name":"wp","href":"https:\/\/api.w.org\/{rel}","templated":true}]}}