{"id":1848,"date":"2015-06-07T02:16:46","date_gmt":"2015-06-06T23:16:46","guid":{"rendered":"http:\/\/www.turksem.com\/?page_id=1848"},"modified":"2015-06-07T02:16:46","modified_gmt":"2015-06-06T23:16:46","slug":"tahir-dinc","status":"publish","type":"page","link":"https:\/\/otel.name.tr\/index.php\/tahir-dinc\/","title":{"rendered":"Tahir Din\u00e7 &#8211; Reklam M\u00fcd\u00fcr\u00fc"},"content":{"rendered":"<p style=\"text-align: justify;\"><strong>1999 <\/strong>y\u0131l\u0131nda ilk \u00fccretsiz sitesini yay\u0131nlayan Din\u00e7, <strong>2003<\/strong> y\u0131l\u0131nda da ilk .com sitesini yay\u0131nlam\u0131\u015ft\u0131r. <strong>2001<\/strong> y\u0131l\u0131 gibi sitelerine ziyaret\u00e7i \u00e7ekmek i\u00e7in \u00e7al\u0131\u015fmalar yapm\u0131\u015ft\u0131r. \u00c7ok de\u011ferli <strong>300 web sayfas\u0131<\/strong> tasarlayan veya projesini y\u00f6neten Din\u00e7&#8217;in, yine \u00a0kendisine ait hala yay\u0131nda olan <strong>50 web sayfas\u0131<\/strong> mevcuttur. Web sayfas\u0131n\u0131n temel ziyaret\u00e7i ak\u0131\u015f\u0131n\u0131n arama motorlar\u0131 oldu\u011fu d\u00fc\u015f\u00fcn\u00fcl\u00fcrse bu konuda <strong>2024<\/strong><strong> y\u0131l\u0131 itibariyle 23 y\u0131ll\u0131k<\/strong> tecr\u00fcbesi bulunmaktad\u0131r.<\/p>\n<blockquote><p><strong>Tahir Din\u00e7<\/strong>, 10 milyon USD civar\u0131nda bir b\u00fct\u00e7eyi y\u00f6netmi\u015ftir. B\u00fct\u00e7enin genel kullan\u0131m alanlar\u0131 a\u011f\u0131rl\u0131k olarak Google Ads, Facebook Ads ve Mecra (Haber siteleri, portallar ve di\u011fer b\u00fcy\u00fck web siteleri) Kanal ve Siteleri olmu\u015ftur.<\/p><\/blockquote>\n<h4 style=\"text-align: justify;\"><strong>Reklam Y\u00f6neticili\u011fi<\/strong><\/h4>\n<p style=\"text-align: justify;\">T\u00fcm reklam verilerinin tek bir noktada toplanmas\u0131 ve istatistik verimlili\u011fin \u00f6l\u00e7\u00fclmesi profesyoenel bir \u00e7al\u0131\u015fmad\u0131r. T\u00fcrk SEM olarak t\u00fcm girdileri hesaplamakta ve s\u00fcreci en iyi \u015fekilde y\u00f6netmektedir. <strong>Dijital reklamlar ve di\u011fer geleneksel reklam modelleri bir hedef do\u011frultusunda bilin\u00e7li bir \u015fekilde verilmektedir<\/strong>. \u00d6nemli olan ciro ve reklam verim kalitesidir. Markala\u015fma ve di\u011fer t\u00fcm reklam pozitif etkileri reklam \/ ciro kalitesi sonras\u0131nda gelir. Bu bilin\u00e7le t\u00fcm kadromuz hareket etmektedir.<\/p>\n<h4><strong><img fetchpriority=\"high\" decoding=\"async\" class=\" size-medium wp-image-1850 alignright\" src=\"https:\/\/otel.name.tr\/wp-content\/uploads\/2015\/06\/tahirdinc-260x300.jpg\" alt=\"tahirdinc\" width=\"260\" height=\"300\" srcset=\"https:\/\/otel.name.tr\/wp-content\/uploads\/2015\/06\/tahirdinc-260x300.jpg 260w, https:\/\/otel.name.tr\/wp-content\/uploads\/2015\/06\/tahirdinc-889x1024.jpg 889w, https:\/\/otel.name.tr\/wp-content\/uploads\/2015\/06\/tahirdinc-768x885.jpg 768w, https:\/\/otel.name.tr\/wp-content\/uploads\/2015\/06\/tahirdinc-1333x1536.jpg 1333w, https:\/\/otel.name.tr\/wp-content\/uploads\/2015\/06\/tahirdinc.jpg 1777w\" sizes=\"(max-width: 260px) 100vw, 260px\" \/>Proje Y\u00f6neticili\u011fi ve \u0130\u015f Tan\u0131m\u0131<\/strong><\/h4>\n<p style=\"text-align: justify;\">T\u00fcrk SEM&#8217;e gelen ilk &#8220;Web Geli\u015ftirme&#8221; \u00e7al\u0131\u015fmas\u0131 \u00fczerinde, \u00e7al\u0131\u015fma stratejisini belirler. Fakat genel olarak \u00e7al\u0131\u015fmalar ve neler yap\u0131laca\u011f\u0131, T\u00fcrk Sem olarak toplant\u0131larla karar veriyoruz. Yine de SEO temelli hususlarda \u00f6nemli kararlar Din\u00e7&#8217;e aittir.<\/p>\n<p style=\"text-align: justify;\">[blockquote author=&#8221;Tahir Din\u00e7&#8221;] Proje y\u00f6netimi temellere inilmesi gereken \u00e7al\u0131\u015fmad\u0131r. Ne kadar \u00e7ok d\u00fc\u015f\u00fcnce o kadar \u00e7ok do\u011fru \u00e7al\u0131\u015fma getirir. Bu sebeple biz T\u00fcrk SEM olarak tak\u0131m oyunu oynuyoruz. \u0130\u015fimizi SEO ve Google Ads olarak tan\u0131t\u0131rsak eksik tan\u0131t\u0131r\u0131z, als\u0131nda biz tam olarak her\u015feyiyle Projeyi geli\u015ftiriyoruz.[\/blockquote]<\/p>\n<h3>Tahir Din\u00e7 E\u011fitim Bilgileri<\/h3>\n<ul>\n<li>Karaelmas \u00dcniversitesi Ere\u011fli E\u011fitim Fak\u00fcltesi S\u0131n\u0131f \u00d6\u011fretmenli\u011fi &#8211; 2003<\/li>\n<li>Kapadokya \u00dcniversitesi Turizm \u0130\u015fletmecili\u011fi &#8211; 2009<\/li>\n<li>Bo\u011fazi\u00e7i \u00dcniversitesi Turizm Yeterlilik &#8211; 2011<\/li>\n<\/ul>\n<h3>Tahir Din\u00e7 \u0130\u015f Deneyimleri<\/h3>\n<ul>\n<li><strong>Han Medya<\/strong> (Kdz. Ere\u011fli&#8217;de Erdemir M\u00fchendislerinin A\u00e7t\u0131\u011f\u0131 Web Tasar\u0131m Firmas\u0131) <strong>2003<\/strong><\/li>\n<li><strong>\u0130stanbul ADCO<\/strong> (T\u00fcrkiye&#8217;nin ilk dijital reklam bar\u0131nd\u0131ran reklam ajanslar\u0131ndan) <strong>2004<\/strong><\/li>\n<li><strong>Netoxi<\/strong> (Hosting ve Domain Firmas\u0131) <strong>2005<\/strong><\/li>\n<li><strong>Lacinia Cosmetic<\/strong> (\u015ei\u015fli&#8217;de Terapark ile birlikte \u00e7al\u0131\u015ft\u0131\u011f\u0131m firma) <strong>2006<\/strong><\/li>\n<li><strong>Gezinet<\/strong> (T\u00fcrkiye&#8217;nin ilk turizm portal\u0131) <strong>2007<\/strong><\/li>\n<li><strong>Marka Grup<\/strong> (Web Tasar\u0131m Ajans\u0131) <strong>2009<\/strong><\/li>\n<li><strong>Tatil Budur<\/strong> (i\u015f Ortakl\u0131\u011f\u0131) <strong>2010<\/strong><\/li>\n<li><strong>Tatil Panosu<\/strong> (Kendi kurdu\u011fum bir turizm acentas\u0131 2 y\u0131l i\u015flettim, hala markas\u0131 bana ait) <strong>2011<\/strong><\/li>\n<li><strong>T\u00fcrk SEM<\/strong> (G\u00fcn\u00fcm\u00fczde i\u015fletmeye devam etti\u011fim Dijital Pazarlama Ajans\u0131) <strong>2014 &#8211; G\u00fcn\u00fcm\u00fcz<\/strong><\/li>\n<\/ul>\n<h3>Belgeler<\/h3>\n<ul>\n<li><a href=\"https:\/\/web.archive.org\/web\/20070823004636\/http:\/\/www.dmoz.org:80\/profiles\/tahirim.html\">Dmoz.org Tahirim Profili<\/a><\/li>\n<li><a href=\"https:\/\/skillshop.exceedlms.com\/student\/award\/Mxjwz5JszwAXT5iFWT8Bgpdy\">Google Ads Skillshop Sertifikalar\u0131<\/a><\/li>\n<li>Satran\u00e7<\/li>\n<\/ul>\n<h4 style=\"text-align: justify;\"><strong>Ki\u015fisel Bilgiler<\/strong><\/h4>\n<p style=\"text-align: justify;\"><span style=\"color: #800000;\">Ad\u00a0Soyad : <strong>Tahir Din\u00e7<\/strong><\/span><br \/>\n<span style=\"color: #800000;\"> Telefon Numaras\u0131 : <strong>0532 234 24 40<\/strong><\/span><\/p>\n","protected":false},"excerpt":{"rendered":"<p>1999 y\u0131l\u0131nda ilk \u00fccretsiz sitesini yay\u0131nlayan Din\u00e7, 2003 y\u0131l\u0131nda da ilk .com sitesini yay\u0131nlam\u0131\u015ft\u0131r. 2001 y\u0131l\u0131 gibi sitelerine ziyaret\u00e7i \u00e7ekmek i\u00e7in \u00e7al\u0131\u015fmalar yapm\u0131\u015ft\u0131r. \u00c7ok de\u011ferli 300 web sayfas\u0131 tasarlayan veya projesini y\u00f6neten Din\u00e7&#8217;in, yine \u00a0kendisine ait hala yay\u0131nda olan 50 web sayfas\u0131 mevcuttur. Web sayfas\u0131n\u0131n temel ziyaret\u00e7i ak\u0131\u015f\u0131n\u0131n arama motorlar\u0131 oldu\u011fu d\u00fc\u015f\u00fcn\u00fcl\u00fcrse bu konuda 2024 [&hellip;]<\/p>\n","protected":false},"author":1,"featured_media":0,"parent":0,"menu_order":0,"comment_status":"closed","ping_status":"closed","template":"","meta":{"footnotes":""},"class_list":["post-1848","page","type-page","status-publish","hentry"],"_links":{"self":[{"href":"https:\/\/otel.name.tr\/index.php\/wp-json\/wp\/v2\/pages\/1848","targetHints":{"allow":["GET"]}}],"collection":[{"href":"https:\/\/otel.name.tr\/index.php\/wp-json\/wp\/v2\/pages"}],"about":[{"href":"https:\/\/otel.name.tr\/index.php\/wp-json\/wp\/v2\/types\/page"}],"author":[{"embeddable":true,"href":"https:\/\/otel.name.tr\/index.php\/wp-json\/wp\/v2\/users\/1"}],"replies":[{"embeddable":true,"href":"https:\/\/otel.name.tr\/index.php\/wp-json\/wp\/v2\/comments?post=1848"}],"version-history":[{"count":0,"href":"https:\/\/otel.name.tr\/index.php\/wp-json\/wp\/v2\/pages\/1848\/revisions"}],"wp:attachment":[{"href":"https:\/\/otel.name.tr\/index.php\/wp-json\/wp\/v2\/media?parent=1848"}],"curies":[{"name":"wp","href":"https:\/\/api.w.org\/{rel}","templated":true}]}}