{"id":2095,"date":"2015-10-10T23:12:43","date_gmt":"2015-10-10T20:12:43","guid":{"rendered":"http:\/\/www.turksem.com\/?page_id=2095"},"modified":"2015-10-10T23:12:43","modified_gmt":"2015-10-10T20:12:43","slug":"adwords-gelir-hesaplama","status":"publish","type":"page","link":"https:\/\/otel.name.tr\/index.php\/adwords-gelir-hesaplama\/","title":{"rendered":"Adwords Gelir Hesaplama"},"content":{"rendered":"<p align=\"center\"><iframe src=\"https:\/\/www.turksem.com\/adwords\" name=\"ADWREKLAMGELIR\" width=\"600\" height=\"220\" frameborder=\"0\" scrolling=\"no\"><\/iframe><\/p>\n<p align=\"center\"><strong>* T\u0131klama Ba\u015f\u0131 Maliyet Nedir?<\/strong><\/p>\n<p style=\"text-align: justify;\" align=\"center\">Sitenize ziyaret\u00e7i Google \u00fczerinden reklam vererek ziyaret \u00e7ekti\u011finizde bu ziyaretin sizin i\u00e7in maliyetini \u00f6l\u00e7er. Turizm i\u00e7in maliyet raporu ile \u0130n\u015faat, Nakliyat firmas\u0131n\u0131n maliyet ortalamas\u0131 ile e\u011flence sekt\u00f6r\u00fc maliyet ortalamas\u0131 ayn\u0131 de\u011fildir. Bir t\u0131k ortalama maliyet alan\u0131na bulundu\u011funuz sekt\u00f6r\u00fc hesaba katarak girin.<\/p>\n<p style=\"text-align: justify;\" align=\"center\">\u00d6rne\u011fin; turizmde bu rakam genelde &#8220;<strong>1.5<\/strong>&#8221; ile &#8220;<strong>7<\/strong>&#8221; TL aras\u0131nda de\u011fi\u015fmektedir. E\u011fer t\u0131klama maliyetiniz 2 TL ise ilgili kutuya sadece <strong>2<\/strong> yaz\u0131n\u0131z. 2 TL 50 kuru\u015f ise bu kez <strong>2.5<\/strong> yazman\u0131z yeterli olacakt\u0131r.<\/p>\n<p style=\"text-align: center;\"><strong>* \u00a0\u00dcr\u00fcn Ba\u015f\u0131 Kar Nedir?<\/strong><\/p>\n<p style=\"text-align: justify;\">Reklam verdi\u011finiz sayfaya gelen ziyaret\u00e7i e\u011fer aksiyon alarak hizmet veya \u00fcr\u00fcnlerinizi sat\u0131n ald\u0131ysa ortalama kar\u0131n\u0131 girece\u011finiz k\u0131s\u0131md\u0131r. Bu k\u0131s\u0131m ortalama bir rakam girmeniz gerekti\u011fi aland\u0131r. E\u011fer aktif olarak istatistiklerinize bak\u0131yorsan\u0131z ortalama kar\u0131n\u0131z\u0131 bilebilirsiniz.<\/p>\n<p style=\"text-align: justify;\">\u00d6rne\u011fin; turizmde bu rakam 400 TL ortalamalar\u0131nda seyreder. E-Ticarette ise rakam de\u011fi\u015fir ve 30 TL gibi bir mebla ortaya \u00e7\u0131kar. Bu durumda ilgili k\u0131sma 30 TL ise &#8220;30&#8221; yazman\u0131z yeterlidir.<\/p>\n<p style=\"text-align: center;\"><strong>* \u00a0G\u00fcnl\u00fck B\u00fct\u00e7e Nedir?<\/strong><\/p>\n<p style=\"text-align: justify;\">Adwords reklamlar\u0131n\u0131z i\u00e7in ay\u0131rd\u0131\u011f\u0131n\u0131z g\u00fcnl\u00fck b\u00fct\u00e7e kast edilmektedir. E\u011fer g\u00fcnl\u00fck b\u00fct\u00e7eniz 1000 TL ise oraya 1000 yaz\u0131n\u0131z. 50 TL ise 50 yazman\u0131z yeterli olacakt\u0131r.<\/p>\n<h3 align=\"center\">ADWORDS GEL\u0130R HESAPLAMA S\u0130STEMi<\/h3>\n<p style=\"text-align: center;\" align=\"center\"><img fetchpriority=\"high\" decoding=\"async\" class=\"aligncenter wp-image-2091\" src=\"https:\/\/otel.name.tr\/wp-content\/uploads\/2015\/10\/googleadwordslogo.png\" alt=\"googleadwordslogo\" width=\"313\" height=\"235\" srcset=\"https:\/\/otel.name.tr\/wp-content\/uploads\/2015\/10\/googleadwordslogo.png 400w, https:\/\/otel.name.tr\/wp-content\/uploads\/2015\/10\/googleadwordslogo-300x225.png 300w\" sizes=\"(max-width: 313px) 100vw, 313px\" \/><\/p>\n<p style=\"text-align: justify;\" align=\"center\">Bu k\u0131s\u0131mdaki programlamam\u0131z ara\u015ft\u0131rmalar\u0131m\u0131z da sonucu ula\u015ft\u0131\u011f\u0131m\u0131z ortalama rakamlar\u0131 vermektedir. E\u011fer siteniz buradaki verilen kazan\u00e7 rakam\u0131ndan daha d\u00fc\u015f\u00fck bir rakamda kazan\u00e7 sa\u011fl\u0131yorsan\u0131z; Adwords paneliniz de bir optimizasyon yap\u0131lmas\u0131 gereklidir. Ayn\u0131 zamanda reklam verdi\u011finizi sayfan\u0131n &#8220;<strong>Landing Page<\/strong>&#8221; y\u00f6nergelerine uygun tasarlanmad\u0131\u011f\u0131 sonucu da \u00e7\u0131kabilir. Alan\u0131nda profesyonel kadromuzla firmalara Adwords Reklam Hizmetleri vermekteyiz. Dilerseniz \u015fimdi <strong>Adwords Uzman\u0131<\/strong> sayfam\u0131z arac\u0131l\u0131\u011f\u0131yla uzman\u0131m\u0131zla g\u00f6r\u00fc\u015febilirsiniz.<\/p>\n<h4 style=\"text-align: left;\" align=\"center\">Ara\u015ft\u0131rmalar\u0131n\u0131z\u0131 Derinle\u015ftirin<\/h4>\n<ul>\n<li style=\"text-align: left;\"><a href=\"https:\/\/www.turksem.com\/seo\">SEO Nedir<\/a><\/li>\n<li style=\"text-align: left;\"><a href=\"https:\/\/www.turksem.com\/sem\">SEM Nedir<\/a><\/li>\n<\/ul>\n<p style=\"text-align: justify;\" align=\"center\">Daha fazla noktada beraber \u00e7al\u0131\u015fmak i\u00e7in <a href=\"https:\/\/www.turksem.com\/iletisim\/\">T\u00fcrksem \u0130leti\u015fim Bilgilerimiz<\/a> sayfas\u0131ndan bizlere nas\u0131l ula\u015fabilece\u011finizi \u00f6\u011frenin.<\/p>\n<p align=\"center\">\n","protected":false},"excerpt":{"rendered":"<p>* T\u0131klama Ba\u015f\u0131 Maliyet Nedir? Sitenize ziyaret\u00e7i Google \u00fczerinden reklam vererek ziyaret \u00e7ekti\u011finizde bu ziyaretin sizin i\u00e7in maliyetini \u00f6l\u00e7er. Turizm i\u00e7in maliyet raporu ile \u0130n\u015faat, Nakliyat firmas\u0131n\u0131n maliyet ortalamas\u0131 ile e\u011flence sekt\u00f6r\u00fc maliyet ortalamas\u0131 ayn\u0131 de\u011fildir. Bir t\u0131k ortalama maliyet alan\u0131na bulundu\u011funuz sekt\u00f6r\u00fc hesaba katarak girin. \u00d6rne\u011fin; turizmde bu rakam genelde &#8220;1.5&#8221; ile &#8220;7&#8221; TL [&hellip;]<\/p>\n","protected":false},"author":1,"featured_media":0,"parent":0,"menu_order":0,"comment_status":"closed","ping_status":"closed","template":"","meta":{"footnotes":""},"class_list":["post-2095","page","type-page","status-publish","hentry"],"_links":{"self":[{"href":"https:\/\/otel.name.tr\/index.php\/wp-json\/wp\/v2\/pages\/2095","targetHints":{"allow":["GET"]}}],"collection":[{"href":"https:\/\/otel.name.tr\/index.php\/wp-json\/wp\/v2\/pages"}],"about":[{"href":"https:\/\/otel.name.tr\/index.php\/wp-json\/wp\/v2\/types\/page"}],"author":[{"embeddable":true,"href":"https:\/\/otel.name.tr\/index.php\/wp-json\/wp\/v2\/users\/1"}],"replies":[{"embeddable":true,"href":"https:\/\/otel.name.tr\/index.php\/wp-json\/wp\/v2\/comments?post=2095"}],"version-history":[{"count":0,"href":"https:\/\/otel.name.tr\/index.php\/wp-json\/wp\/v2\/pages\/2095\/revisions"}],"wp:attachment":[{"href":"https:\/\/otel.name.tr\/index.php\/wp-json\/wp\/v2\/media?parent=2095"}],"curies":[{"name":"wp","href":"https:\/\/api.w.org\/{rel}","templated":true}]}}